tive of -j**4/4 + 2*j**3 + j**2 - j + 4. Let u be w(5). Suppose -4*d + u = -34. Calculate the remainder when d is divided by 6.
5
Let r(d) = 5*d - 3. Let f be r(1). Suppose -3*o + 5*v = -19, 3*v - f = 1. What is the remainder when 30 is divided by o?
6
What is the remainder when (2/(-10) + (-49)/105)*-30 is divided by 2?
0
Let s = 56 + -26. Suppose -l = -w - 2, -5*w + 15 + 17 = 2*l. Suppose -5*z - 11 = -l*z. What is the remainder when s is divided by z?
8
Suppose 0 = 16*m + 50 - 258. What is the remainder when m is divided by 6?
1
Let z = -1582 + 1749. Calculate the remainder when z is divided by 34.
31
Suppose 5*a - 3*y - 93 = -9, 14 = a - 2*y. What is the remainder when 197 is divided by a?
17
Let s(p) = -3*p**2 - p + p**3 - 6 - p + 3*p - 7*p. Suppose 5*a - 3 = 22. What is the remainder when 54 is divided by s(a)?
12
Suppose 0 = 9*g - 23 - 265. Calculate the remainder when 220 is divided by g.
28
Let g = -2 + 4. Let i(y) = 34*y + 989. Calculate the remainder when i(-29) is divided by g.
1
Let i be 1/(-3) - 2/(-6). Suppose 2*t - 19 = 3*y, i = t + 3*y + 13 - 0. Calculate the remainder when 3 is divided by t.
1
Suppose 5*i - 7*w - 200 = -2*w, -4*i + 2*w = -156. What is the remainder when 117 is divided by i?
3
Let g be 0 + (-19 - -10)*(-11)/(-3). Let y = g + 94. Calculate the remainder when y is divided by 13.
9
Suppose 24*o - 10*o = 322. What is the remainder when 43 is divided by o?
20
Suppose 2*z + 48 = 4*u, -2*u + 29*z = 24*z - 32. Calculate the remainder when 1374 is divided by u.
10
Let q = -5 - 8. Let s = 246 - 222. Let m = q + s. What is the remainder when 42 is divided by m?
9
Suppose 0 = 6*g + 288 - 48. Suppose 4*i = 2*c - 34, 0 = -5*c + 2*i - 0*i + 85. What is the remainder when c is divided by ((-2)/4)/(4/g)?
2
Let d be (-12)/((-1041)/345 + 3). Suppose 0 = -4*i + 3*g + d, 0 = -2*g - 4. Calculate the remainder when i is divided by 29.
26
Let j(s) = -2*s + 283. What is the remainder when j(-18) is divided by 40?
39
Let p be 0/(-6 - (-5 + 3)). Suppose 2*t + 3*v = 21, -2*v + v + 3 = p. What is the remainder when 11 is divided by t?
5
Calculate the remainder when (-106)/((0 - -4)/(-28 - -26)) is divided by 14.
11
Let v(m) = 4*m**2 + 5*m + 3. Let s(i) = 13 - 4 + 4 + 1 - 3*i. Let x be s(6). What is the remainder when v(x) is divided by 12?
11
Suppose -598 = 17*y - 40*y. What is the remainder when y is divided by 6?
2
Let b(q) = -2*q**3 + 115*q**2 + 67*q - 202. Calculate the remainder when b(58) is divided by 19.
16
Let y be -2 - 6*(3 - (-28)/(-8)). Calculate the remainder when 51/y - 9/(-9) is divided by (-4 + 2 + 5)*9.
25
Calculate the remainder when 93 is divided by (2 - (58 - 4))/(-2).
15
Let w(u) = 2*u + 11. Let i(r) = -r**3 - 7*r**2 + 2*r + 14. Let a be i(-7). Calculate the remainder when 43 is divided by w(a).
10
Let y = 13 - 18. Let c(k) = -k**2 - 4*k + 6. Suppose 6*q - 5 - 13 = 0. Calculate the remainder when q is divided by c(y).
0
Suppose 0 = -3*n - 0*n - 210. Let r = n - -177. Calculate the remainder when r is divided by 27.
26
Let s = -309 - -330. Calculate the remainder when 118 is divided by s.
13
Let q = -111 + 270. Suppose 5*c - 3*j = q, -2*c + 142 = 2*c + 5*j. Let f = c - 19. Calculate the remainder when 40 is divided by f.
12
Suppose 14*h - 387 = 229. Calculate the remainder when 104 is divided by h.
16
Suppose 7*r = 4*r. Let o be r/((12/(-2))/(-3)). Suppose -2*w + 5*z = -120, 4*w = -o*w - 4*z + 296. What is the remainder when w is divided by 18?
16
Let c be -3 + (-1 - 0) + 1. Let z(f) = -3 + 3*f + 2 - 4*f. What is the remainder when 3 is divided by z(c)?
1
Let b(j) = 4*j**2 - 6*j + 28. What is the remainder when b(5) is divided by 9?
8
Suppose 7*m - 70 = 2*m. Let i = 12 + 1. Calculate the remainder when (-348)/(-7) - (-4)/m is divided by i.
11
Suppose -f + 5*v = -5 - 8, 5*v = 4*f - 7. Let i(u) = -u**3 - u**2 + 3*u + 3. Let c be i(f). What is the remainder when 1 + c + 38 + -1 is divided by 14?
11
Suppose 438*i + 448 = 452*i. What is the remainder when 318 is divided by i?
30
Suppose -20*p + 32*p - 780 = 0. Calculate the remainder when 139 is divided by p.
9
What is the remainder when 234 is divided by (-2)/(13/(-2262)*3)?
2
Suppose 0 = -10*s + 238 + 162. What is the remainder when 87/2*(-7)/((-84)/32) is divided by s?
36
Suppose -50*j = -47*j - 327. Suppose 0 = 3*h + p - j, -5*h + h + 172 = -4*p. Calculate the remainder when h is divided by 28/2 - (-2)/(-2).
12
Let g = 209 - 112. Let a(v) = 7*v**2 + 3*v - 2. Let i be a(-3). Let l = g - i. What is the remainder when l is divided by 8?
5
Let t(q) = q**3 + 10*q**2 - q - 10. Let x be t(-10). Suppose 5*m = -x + 25. What is the remainder when 31 is divided by m?
1
Suppose 6*j - 10*j - 16 = 0. What is the remainder when -3 - j/((-4)/(-83)) is divided by 21?
17
Let o(q) = -q**2 - 7*q + 18. Let j be o(-9). Suppose -4*k + 3*r + 243 = 0, -k + 57 = -j*k - 2*r. Calculate the remainder when k is divided by 22.
19
Suppose -3*r + d + 26 = 0, r - 4*d - 30 + 3 = 0. Let h(a) = a**3 + 7*a**2 + 9. What is the remainder when h(-7) is divided by r?
2
Let t(x) = 7*x + 106. Calculate the remainder when t(-14) is divided by 0 + 1 - (-6 + 1).
2
Let l = 147 + -127. Suppose 0 = -5*h + l. What is the remainder when 10 is divided by h?
2
What is the remainder when (-41 - 1)/((-3)/6) is divided by 17?
16
Calculate the remainder when 57 is divided by (123/164)/((-3)/(-80)).
17
Suppose -3*s + 2*y + 62 = 0, 2*s + 3*y - y - 58 = 0. Suppose 3*u = -0*u + s. Suppose 8 = -p + 29. Calculate the remainder when p is divided by u.
5
Suppose -42 = -5*y - 4*q, 9*q - 30 = -4*y + 4*q. What is the remainder when (-13)/(-1) - 2*-1 is divided by y?
5
Calculate the remainder when 444 is divided by 426/15 - 60/150.
24
Let x(y) = y + 21. What is the remainder when 405 is divided by x(38)?
51
Let l(q) = q**3 + q**2 - 7*q + 16. What is the remainder when l(5) is divided by 36?
23
Let n = 4 + -3. Let r be n*1/(-2)*2. Let l = r - -26. What is the remainder when l is divided by 9?
7
Let n(z) be the first derivative of z**4/4 - 14*z**3/3 + 15*z**2/2 - 13*z - 14. Calculate the remainder when 23 is divided by n(13).
10
Let w = 18 + -2. Calculate the remainder when ((-10)/(-14) - -1)/((-8)/(-140)) is divided by w.
14
Let g = 14 + -14. Suppose 3*u - 14 = 4*c + 1, -2*c - 3*u - 21 = g. What is the remainder when c/21*(-6 - 1) is divided by 2?
0
Let z be (-8 + 4)/(1/(-2)). Suppose 3*h - 8 = -a, -h + a - 4*a - z = 0. Suppose -2*v = v + h*o - 30, 0 = 3*o. What is the remainder when 18 is divided by v?
8
Let w = -42 - -22. Let z = 51 + w. What is the remainder when z is divided by 8?
7
What is the remainder when 36 is divided by (-172)/301 - 144/(-7)?
16
Suppose 25*r = 6177 + 10523. What is the remainder when r is divided by 28?
24
Let z be 13/((22/(-48))/(-11)). Suppose 48 = 6*b - z. Calculate the remainder when b is divided by 16.
12
Let w = 78 + -55. Let h = 11 + -73. Let n = 75 + h. What is the remainder when w is divided by n?
10
Let g = 675 + -675. Suppose -2*b = -b - 3. Suppose g = b*m - 2 - 67. Calculate the remainder when m is divided by 9.
5
Let q(j) = 34*j + 236. Suppose -3*x - 29 = -2*p - 8*x, 3*x = 9. Calculate the remainder when q(-6) is divided by p.
4
Suppose -4*s + 5 + 51 = 0. Suppose f = 3*l + 49, -86 = -2*f + 6*l - 4*l. What is the remainder when f is divided by s?
12
Suppose 0*w + 9 = 3*w. Suppose 11 + 2 = k + 4*c, 2*c = -3*k + 9. Suppose w*n = -k + 34. What is the remainder when 31 is divided by n?
9
Suppose 2*z - 11 = 5*j, 5*j + 27 = 4*z - 0*j. Suppose -h = -z - 19. Suppose -2*g + 7*g - 255 = 0. Calculate the remainder when g is divided by h.
24
Let n = 53 + -62. What is the remainder when 190 is divided by (2 - 1) + 40 + n?
30
Let a = -9 + 1. Let t(m) = 3*m**2 - 25*m - 7. Let o(f) = 2*f**2 - 13*f - 4. Let w(z) = -5*o(z) + 3*t(z). What is the remainder when 59 is divided by w(a)?
14
What is the remainder when 267 is divided by (11 + -10)*(-260)/(10/(-5))?
7
Let w(k) = -k**3 + 33*k**2 + 73*k - 14. What is the remainder when w(35) is divided by 23?
22
Let c(v) = v**3 + 11*v**2 + 7*v + 3. Calculate the remainder when 72 is divided by c(-2).
22
Suppose -w - 2*w + 4*q = -36, -4*w = 4*q - 20. Suppose -5*i - 2 = -27. Suppose 5*o = 10, 27 + 50 = i*s + o. What is the remainder when s is divided by w?
7
Suppose 3*d - 4*l -